+ 3. Suppose 2*v = -10, 10*s + 1 = 13*s + v. Give i(s).
-1
Let h(m) = -4*m**2 + 11*m - 2. Let b(g) = -5*g**2 + 11*g - 3. Let k(n) = 5*b(n) - 6*h(n). Give k(-9).
15
Let k(z) = -z + 16. Let s be k(11). Let y(g) = -3 - g - 1 - 4 - s. Calculate y(-8).
-5
Let t(w) = -2*w**3 - 6*w**2 + 7*w - 2. Let r be -6 + (14/42)/((-2)/(-6)). Determine t(r).
63
Let a(l) = -9*l - 5. Let v(u) = u**2 - 10*u - 29. Let x be v(12). What is a(x)?
40
Let x(u) be the first derivative of u**5/20 - u**4/4 + u**3/6 + 3*u**2/2 - 18*u - 2. Let s(w) be the first derivative of x(w). What is s(3)?
6
Let f = -41 + 50. Let j(x) = -x + 3. Let q be j(f). Let w(m) = m - 2. What is w(q)?
-8
Let t = -136 - -138. Let u(v) = 0*v**t - 8*v**2 - 40*v + v**3 - 5 + 48*v. Determine u(7).
2
Let s(q) be the second derivative of q**6/720 + q**5/40 - 5*q**4/12 + 7*q. Let j(u) be the third derivative of s(u). Determine j(-4).
-1
Let g(p) = -p**3 - 1. Let i(x) = 2*x**3 - 6*x**2 - 7*x - 2. Let o(c) = -3*g(c) - i(c). Let k(b) = 2*b**2 - 68*b - 5. Let z be k(34). Determine o(z).
-5
Let t(v) = v**2 + 5*v - 3. Suppose o - 24 + 17 = 0. Suppose 0 = u - 1 + o. What is t(u)?
3
Let v(z) = 3*z**2 + 16*z - 15. Let o(t) = 2*t**2 + 11*t - 10. Let b(h) = -7*o(h) + 5*v(h). Give b(-5).
5
Let i(c) be the first derivative of 2*c**2 + c - 4. Suppose -3*r = 3*n, -7*n + 4*r + 27 = -2*n. Suppose 4*o = 1 + n. What is i(o)?
5
Let h = 1103 - 1108. Let z(m) = -m**3 - 6*m**2 + 2*m - 2. Give z(h).
-37
Let n(h) = -2*h**2 + 8*h - 2. Let u(o) = -o**2 + 1. Let w(f) = -n(f) + u(f). Determine w(8).
3
Let q(y) = -y**3 + 4*y**2 - 4*y + 2. Let z(n) = 5*n**2 + 78*n - 30. Let w be z(-16). Determine q(w).
2
Let i(n) = 3*n - 21. Let c(s) = -6*s + 38. Let j(r) = -4*c(r) - 7*i(r). Give j(-10).
-35
Let m(c) be the first derivative of c**2/2 + 7*c - 1. Suppose 139 = -16*s + 27. Determine m(s).
0
Let x(r) = -r. Let h(f) = 7*f - 6. Let d(w) = -h(w) - 6*x(w). Let y = -62 + 68. Calculate d(y).
0
Let h(i) be the third derivative of -i**6/120 - 3*i**5/20 + i**4/24 + 3*i**3/2 + 11*i**2. Suppose 2*r + 24 = -2*b, 3*b = r + 4*r + 36. What is h(r)?
0
Let l(a) = -5*a - 1329 + 2658 - 1330. Give l(3).
-16
Let h(s) = -5*s**3 + 4*s**2 - s + 4. Suppose 14*m = 17*m + 9. Let l(d) = -6*d**3 + 3*d**2 + 3. Let n(o) = m*l(o) + 2*h(o). Determine n(-1).
-8
Let r(c) be the first derivative of c**4/4 + 9*c + 306. Suppose 3*w = 5*w. What is r(w)?
9
Let x(b) = 3*b**3 - 6*b**2 + 14*b - 9. Let f(d) = -5*d**3 + 6*d**2 - 13*d + 10. Let s(v) = 2*f(v) + 3*x(v). Calculate s(-8).
-7
Let z(a) = a**3 + 21*a**2 - 20*a + 49. Let k be z(-22). Let j(b) = 3*b - 5. Give j(k).
10
Let r(t) = 84*t**3 - 4*t**2 + 92*t**3 - 173*t**3 + 1 - t. Give r(-2).
-37
Let j(k) = -k + 1. Let m(u) = u**3 - 3*u**2 - 2*u - 5. Let w be 6/10 + (-1449)/(-35). Let c be (w/(-9) + 4)*-6. Let h be m(c). Calculate j(h).
-2
Let n(f) = 2*f - 3*f + 4 - 11 + 0*f. Suppose 5*z + 30 = -0. Give n(z).
-1
Let s be 2/(-9)*-21 - (-1)/3. Let z(o) = -o**2 + 5*o - 1. Calculate z(s).
-1
Let t(j) be the third derivative of -43*j**2 + 0*j**5 + 0*j + 1/120*j**6 + 0 + 0*j**3 + 1/24*j**4. Calculate t(-2).
-10
Let s(b) = -2*b. Let h be s(-3). Let a(n) = -30*n**3 + 5*n**2 + 2 + 4*n + 61*n**3 - 32*n**3 - 9. Calculate a(h).
-19
Let x(f) = 11*f - 5*f - 17*f. What is x(3)?
-33
Let d(n) = n**3 - 2*n + 2. Suppose 11*r = -20*r + 62. Determine d(r).
6
Let r(z) = -6*z - 1. Let h be r(-1). Let c be (-18)/12*-1*2. Suppose -5*k + q + h = -3*q, -k - c*q = 18. Let m(l) = l**3 + 3*l**2 + 2*l + 1. Give m(k).
-5
Let o(g) be the third derivative of -7*g**5/60 + g**4/24 - g**3/6 + 31*g**2. What is o(1)?
-7
Let g(p) = -51 + 61 - 15 + 14*p. Determine g(5).
65
Let q be 6*(-2 - (-32)/12). Let f(c) = -q + 4 + c**2 + 12*c - 6*c. What is f(-6)?
0
Let x(t) = 139 + 6*t**2 + t**2 + 6*t - 2*t**2 + t**3 - 136. Give x(-5).
-27
Let d(l) = -7*l + 1. Let m(g) = g. Let t(k) = k**2 - k. Let n be t(-2). Let h(u) = n*m(u) + d(u). Calculate h(2).
-1
Let g(w) = -3*w - 7. Let v = -1206 - -1204. Determine g(v).
-1
Let h(d) = d - 1. Let r(o) = o. Let g = -5 - -1. Let a(x) = g*h(x) - r(x). Let m = -6252 - -6256. Determine a(m).
-16
Suppose -3*u + 7*q - 4*q = 42, 5 = -q. Let i = u + 20. Let z(k) = 2*k + 4 + i - 2. Calculate z(3).
9
Let f(j) = -5*j**2 + 2 - 6498*j - 4*j**3 + 5*j**3 + 0*j**3 + 6500*j. Let v(u) = -u**3 - u**2 - u - 1. Let m be v(-1). Suppose -z + 4 = -m*z. What is f(z)?
-6
Let c be -2 + (-1 - -31)/3. Let v be 4*c - 9/(-3). Suppose -l - 10 = 4*l + 4*j, -5*j - v = -5*l. Let p(s) = s**3 - 3*s**2 + s + 2. What is p(l)?
0
Let o(g) = -g**3 - 36*g**2 + 39*g + 61. Let d be o(-37). Let m(i) = -i**3 - 12*i**2 + 13*i + 9. Determine m(d).
9
Suppose j - 2*f + 0 = -7, 0 = -j + f - 4. Let s(v) = 61*v - 7. Let i(n) = -9*n + 1. Let b(q) = -14*i(q) - 2*s(q). Determine b(j).
-4
Let p(v) = v**2 + 44*v + 286. Let g be p(-8). Let q(r) = -6*r**2 - 2*r. Calculate q(g).
-20
Let k(h) be the third derivative of h**5/60 - h**4/4 + 2*h**3/3 + 19*h**2. Let n(r) = -r - 1. Let l(t) = k(t) + n(t). What is l(7)?
3
Let o = -356 - -361. Let k(p) = -p**3 + 5*p**2 + 2*p. Give k(o).
10
Let x(w) = w**3 - 4*w**2 - 6*w - 1. Let r = -58 + 80. Suppose 25*j = r*j + 15. Calculate x(j).
-6
Let j(d) be the second derivative of -4*d**3/3 - d**2/2 + 10*d. Suppose -4*t - 12 = -0*t. What is j(t)?
23
Let t(f) = -f**2 - 12*f - 37. Let p be t(-4). Suppose -3*k = 1 - 16. Let g(u) = -k*u - 4 + 0*u + 2*u. Calculate g(p).
11
Let v(s) = -17*s + 8. Let m(x) = -6*x + 3. Let o be (-4)/3*(-1 - -4). Let y(k) = o*v(k) + 11*m(k). Let d(z) = z**2 + 10*z + 2. Let n be d(-10). Calculate y(n).
5
Let a(g) = 7*g - 11. Let m(s) = 6*s - 10. Let r(x) = -4*a(x) + 5*m(x). Let o = -15 + 18. Suppose 4*q = -i + 23, -o*i = -4 - 5. Calculate r(q).
4
Let x(q) be the second derivative of q**5/20 - q**4/2 - q**3/2 - 5*q**2/2 + 46*q + 2. Calculate x(6).
-23
Let h(y) = -7*y - 3. Suppose 2*r - 5 = 3. Suppose 4*c = -r - 12. Determine h(c).
25
Let c = -3 + 0. Suppose u = 7 - 4. Let q(g) = 4*g**3 + 5 - 1463*g - 4 - u*g**3 + 1467*g + 5*g**2. Give q(c).
7
Suppose 2*h + 2*h - 4 = 0. Let g(x) = 3*x**3 + 2*x**2 - 3*x - 2. Let d(k) = k**3 - k**2 + k - 1. Let r(f) = h*g(f) - d(f). What is r(-3)?
-16
Let b = -20 - -25. Let p(x) = -2*x**2 - 4 + 5*x**2 - 8*x**2 + b*x + 4*x**2. Determine p(3).
2
Suppose -25*j + 47*j - 23*j = 0. Let n(i) be the third derivative of 0 + 6*i**2 + j*i - 1/12*i**5 - 2/3*i**3 - 1/120*i**6 + 1/12*i**4. Determine n(-5).
-14
Let q = 577 - 574. Let g(x) = 4*x. Calculate g(q).
12
Let s(z) = 7*z**2 + 3*z + 2. Let n be s(-1). Let q be 4/((-5)/(15/n)). Let t(g) = -g**3 + g**2 + g - 2. What is t(q)?
8
Suppose 0 = -y - 45 + 13. Let f = y - -28. Let h(x) = -x. Let r(s) = -s**2 + 5. Let n(t) = f*h(t) - r(t). Give n(-5).
0
Let o = -360 - -354. Let p(a) = -a**3 - 5*a**2 + 4*a - 14. Give p(o).
-2
Let a(f) = -8*f - 6. Suppose -102*t + 96*t - 24 = 0. Determine a(t).
26
Let h(g) = -g - 8. Let m(i) = i**2 - 16*i + 30. Let z be m(13). Give h(z).
1
Let b = -63 + 68. Suppose 0 = -b*n + n - 8. Let j(s) = s**2 + 2*s + 3. What is j(n)?
3
Suppose -14*j + 7*j = -14. Suppose -j - 8 = 10*f. Let g(n) = 17*n + 1. Determine g(f).
-16
Suppose 2*a = 4*u + 8, -5*u + 7 = -2*u + 5*a. Suppose 10 + 20 = 3*y. Let l(p) = -2*p**2 - 1 - 6 - 2 + y. Calculate l(u).
-1
Let w(n) be the third derivative of 5*n**4/24 - n**3 + 61*n**2. What is w(-5)?
-31
Suppose 2*l - 96*f = -91*f - 26, 32 = -3*l + 4*f. Let c(t) = t + 27. What is c(l)?
19
Let p be (-45 + 3)*(-7)/14. Let l = p + -19. Let a(k) = k**2 + k - 2. What is a(l)?
4
Let v(f) = -2*f**3 - 4*f**2 - 7*f - 14. Let p(g) = g**3 + 2*g**2 + 4*g + 7. Let k(r) = -11*p(r) - 6*v(r). What is k(-3)?
4
Let n(x) = -8*x + 9. Let j(a) = -4*a + 4. Suppose 3 = 2*c + 3*z, -c + 4*c - 47 = 4*z. Let b(t) = c*j(t) - 4*n(t). Determine b(1).
-4
Let w(s) = -s**3 - 6*s**2 + 3*s + 5. Let z(n) = -3*n**3 - 11*n**2 + 6*n + 9. Suppose 10 = -5*h + 3*h. Let j(p) = h*w(p) + 2*z(p). Calculate j(7).
21
Let t(m) = -5*m**3 - 12*m**2 + 5*m - 27. Let u(n) = n**3 + n**2 - n + 5. Let o(i) = -t(i) - 6*u(i). Give o(6).
3
Let q(g) = g - 1. Suppose 19 = 3*p - 4*v, 4*p + 3*v - 5 = -13. Let i(f) = 2*f**2 + 9*f - 4. Let j(d) = p*i(d) - 5*q(d). Give j(-4).
17
Let v(m) = m**2 + 4*m + 3. Let f be v(-5). Suppose q = -f + 10. Let w(g) = 5 - 6*g**q + 4*g**3 - 5*g**3 - 3*g - 3. Calculate w(-5